{"id":11536,"date":"2022-05-10T10:28:38","date_gmt":"2022-05-10T08:28:38","guid":{"rendered":"https:\/\/juwelieramschloss.de\/fashion\/?page_id=11536"},"modified":"2024-04-02T12:25:33","modified_gmt":"2024-04-02T10:25:33","slug":"accessoires","status":"publish","type":"page","link":"https:\/\/juwelieramschloss.de\/fashion\/accessoires\/","title":{"rendered":"Accessoires"},"content":{"rendered":"\t\t<div data-elementor-type=\"wp-post\" data-elementor-id=\"11536\" class=\"elementor elementor-11536\">\n\t\t\t\t\t\t<div class=\"elementor-inner\">\n\t\t\t\t<div class=\"elementor-section-wrap\">\n\t\t\t\t\t\t\t\t\t<section class=\"has_ae_slider elementor-section elementor-top-section elementor-element elementor-element-043f62e elementor-section-boxed elementor-section-height-default elementor-section-height-default ae-bg-gallery-type-default\" data-id=\"043f62e\" data-element_type=\"section\">\n\t\t\t\t\t\t<div class=\"elementor-container elementor-column-gap-no\">\n\t\t\t\t\t\t\t<div class=\"elementor-row\">\n\t\t\t\t\t<div class=\"has_ae_slider elementor-column elementor-col-100 elementor-top-column elementor-element elementor-element-28f9587 ae-bg-gallery-type-default\" data-id=\"28f9587\" data-element_type=\"column\">\n\t\t\t<div class=\"elementor-column-wrap elementor-element-populated\">\n\t\t\t\t\t\t\t<div class=\"elementor-widget-wrap\">\n\t\t\t\t\t\t\t\t<\/div>\n\t\t\t\t\t<\/div>\n\t\t<\/div>\n\t\t\t\t\t\t\t\t<\/div>\n\t\t\t\t\t<\/div>\n\t\t<\/section>\n\t\t\t\t<section class=\"has_ae_slider elementor-section elementor-top-section elementor-element elementor-element-14ced532 elementor-section-content-middle elementor-section-boxed elementor-section-height-default elementor-section-height-default ae-bg-gallery-type-default\" data-id=\"14ced532\" data-element_type=\"section\">\n\t\t\t\t\t\t<div class=\"elementor-container elementor-column-gap-default\">\n\t\t\t\t\t\t\t<div class=\"elementor-row\">\n\t\t\t\t\t<div class=\"has_ae_slider elementor-column elementor-col-100 elementor-top-column elementor-element elementor-element-73defe16 ae-bg-gallery-type-default\" data-id=\"73defe16\" data-element_type=\"column\" data-settings=\"{&quot;background_background&quot;:&quot;classic&quot;}\">\n\t\t\t<div class=\"elementor-column-wrap elementor-element-populated\">\n\t\t\t\t\t\t\t<div class=\"elementor-widget-wrap\">\n\t\t\t\t\t\t<div class=\"elementor-element elementor-element-3ac4f514 elementor-widget elementor-widget-heading\" data-id=\"3ac4f514\" data-element_type=\"widget\" data-widget_type=\"heading.default\">\n\t\t\t\t<div class=\"elementor-widget-container\">\n\t\t\t<h1 class=\"elementor-heading-title elementor-size-default\">Entdecken Sie hochwertige Accessoires<\/h1>\t\t<\/div>\n\t\t\t\t<\/div>\n\t\t\t\t<div class=\"elementor-element elementor-element-5dcdf62a elementor-widget elementor-widget-heading\" data-id=\"5dcdf62a\" data-element_type=\"widget\" data-widget_type=\"heading.default\">\n\t\t\t\t<div class=\"elementor-widget-container\">\n\t\t\t<h2 class=\"elementor-heading-title elementor-size-default\">bei Juwelier am Schloss Fashion in Schwetzingen<\/h2>\t\t<\/div>\n\t\t\t\t<\/div>\n\t\t\t\t<div class=\"elementor-element elementor-element-3a35344 elementor-widget-divider--view-line elementor-widget elementor-widget-divider\" data-id=\"3a35344\" data-element_type=\"widget\" data-widget_type=\"divider.default\">\n\t\t\t\t<div class=\"elementor-widget-container\">\n\t\t\t\t\t<div class=\"elementor-divider\">\n\t\t\t<span class=\"elementor-divider-separator\">\n\t\t\t\t\t\t<\/span>\n\t\t<\/div>\n\t\t\t\t<\/div>\n\t\t\t\t<\/div>\n\t\t\t\t<div class=\"elementor-element elementor-element-5bf2e3e7 elementor-widget elementor-widget-text-editor\" data-id=\"5bf2e3e7\" data-element_type=\"widget\" data-widget_type=\"text-editor.default\">\n\t\t\t\t<div class=\"elementor-widget-container\">\n\t\t\t\t\t\t\t\t<div class=\"elementor-text-editor elementor-clearfix\">\n\t\t\t\t<p>Neben exklusiven Uhren- und Schmuckmarken pr\u00e4sentieren wir Ihnen in unserem Gesch\u00e4ft in Schwetzingen einzigartige Ledertaschen und hochwertige Wohnaccessoires, die Ihr Zuhause zur Wohlf\u00fchloase werden lassen. Schauen Sie vorbei und entdecken Sie modernes, langlebiges Design bei Ihrem Juwelier am Schloss.<\/p>\t\t\t\t\t<\/div>\n\t\t\t\t\t\t<\/div>\n\t\t\t\t<\/div>\n\t\t\t\t\t\t<\/div>\n\t\t\t\t\t<\/div>\n\t\t<\/div>\n\t\t\t\t\t\t\t\t<\/div>\n\t\t\t\t\t<\/div>\n\t\t<\/section>\n\t\t\t\t<section class=\"has_ae_slider elementor-section elementor-top-section elementor-element elementor-element-f83f003 elementor-section-boxed elementor-section-height-default elementor-section-height-default ae-bg-gallery-type-default\" data-id=\"f83f003\" data-element_type=\"section\">\n\t\t\t\t\t\t<div class=\"elementor-container elementor-column-gap-default\">\n\t\t\t\t\t\t\t<div class=\"elementor-row\">\n\t\t\t\t\t<div class=\"has_ae_slider elementor-column elementor-col-33 elementor-top-column elementor-element elementor-element-4aa38f7 ae-bg-gallery-type-default\" data-id=\"4aa38f7\" data-element_type=\"column\">\n\t\t\t<div class=\"elementor-column-wrap elementor-element-populated\">\n\t\t\t\t\t\t\t<div class=\"elementor-widget-wrap\">\n\t\t\t\t\t\t<div class=\"elementor-element elementor-element-4ccaac5 elementor-widget elementor-widget-image\" data-id=\"4ccaac5\" data-element_type=\"widget\" data-widget_type=\"image.default\">\n\t\t\t\t<div class=\"elementor-widget-container\">\n\t\t\t\t\t\t\t\t<div class=\"elementor-image\">\n\t\t\t\t\t\t\t\t\t\t\t\t\t<a href=\"\/fashion\/accessoires\/lambert\/\">\n\t\t\t\t\t\t\t<img decoding=\"async\" width=\"430\" height=\"317\" src=\"https:\/\/juwelieramschloss.de\/fashion\/wp-content\/uploads\/sites\/5\/2024\/04\/lambert-vorschau-2024.jpg\" class=\"attachment-full size-full wp-image-18700\" alt=\"\" loading=\"lazy\" srcset=\"https:\/\/juwelieramschloss.de\/fashion\/wp-content\/uploads\/sites\/5\/2024\/04\/lambert-vorschau-2024.jpg 430w, https:\/\/juwelieramschloss.de\/fashion\/wp-content\/uploads\/sites\/5\/2024\/04\/lambert-vorschau-2024-300x221.jpg 300w, https:\/\/juwelieramschloss.de\/fashion\/wp-content\/uploads\/sites\/5\/2024\/04\/lambert-vorschau-2024-109x80.jpg 109w, https:\/\/juwelieramschloss.de\/fashion\/wp-content\/uploads\/sites\/5\/2024\/04\/lambert-vorschau-2024-301x222.jpg 301w\" sizes=\"(max-width: 430px) 100vw, 430px\" \/>\t\t\t\t\t\t\t\t<\/a>\n\t\t\t\t\t\t\t\t\t\t\t\t\t\t<\/div>\n\t\t\t\t\t\t<\/div>\n\t\t\t\t<\/div>\n\t\t\t\t\t\t<\/div>\n\t\t\t\t\t<\/div>\n\t\t<\/div>\n\t\t\t\t<div class=\"has_ae_slider elementor-column elementor-col-33 elementor-top-column elementor-element elementor-element-a6a55b8 ae-bg-gallery-type-default\" data-id=\"a6a55b8\" data-element_type=\"column\">\n\t\t\t<div class=\"elementor-column-wrap elementor-element-populated\">\n\t\t\t\t\t\t\t<div class=\"elementor-widget-wrap\">\n\t\t\t\t\t\t<div class=\"elementor-element elementor-element-1b5b414 elementor-widget elementor-widget-image\" data-id=\"1b5b414\" data-element_type=\"widget\" data-widget_type=\"image.default\">\n\t\t\t\t<div class=\"elementor-widget-container\">\n\t\t\t\t\t\t\t\t<div class=\"elementor-image\">\n\t\t\t\t\t\t\t\t\t\t\t\t\t<a href=\"\/fashion\/accessoires\/harolds-bags\/\">\n\t\t\t\t\t\t\t<img decoding=\"async\" width=\"430\" height=\"317\" src=\"https:\/\/juwelieramschloss.de\/fashion\/wp-content\/uploads\/sites\/5\/2024\/04\/harolds-vorschau-2024.jpg\" class=\"attachment-full size-full wp-image-18699\" alt=\"\" loading=\"lazy\" srcset=\"https:\/\/juwelieramschloss.de\/fashion\/wp-content\/uploads\/sites\/5\/2024\/04\/harolds-vorschau-2024.jpg 430w, https:\/\/juwelieramschloss.de\/fashion\/wp-content\/uploads\/sites\/5\/2024\/04\/harolds-vorschau-2024-300x221.jpg 300w, https:\/\/juwelieramschloss.de\/fashion\/wp-content\/uploads\/sites\/5\/2024\/04\/harolds-vorschau-2024-109x80.jpg 109w, https:\/\/juwelieramschloss.de\/fashion\/wp-content\/uploads\/sites\/5\/2024\/04\/harolds-vorschau-2024-301x222.jpg 301w\" sizes=\"(max-width: 430px) 100vw, 430px\" \/>\t\t\t\t\t\t\t\t<\/a>\n\t\t\t\t\t\t\t\t\t\t\t\t\t\t<\/div>\n\t\t\t\t\t\t<\/div>\n\t\t\t\t<\/div>\n\t\t\t\t\t\t<\/div>\n\t\t\t\t\t<\/div>\n\t\t<\/div>\n\t\t\t\t<div class=\"has_ae_slider elementor-column elementor-col-33 elementor-top-column elementor-element elementor-element-e64ed3e ae-bg-gallery-type-default\" data-id=\"e64ed3e\" data-element_type=\"column\">\n\t\t\t<div class=\"elementor-column-wrap elementor-element-populated\">\n\t\t\t\t\t\t\t<div class=\"elementor-widget-wrap\">\n\t\t\t\t\t\t<div class=\"elementor-element elementor-element-dfc09d3 elementor-widget elementor-widget-image\" data-id=\"dfc09d3\" data-element_type=\"widget\" data-widget_type=\"image.default\">\n\t\t\t\t<div class=\"elementor-widget-container\">\n\t\t\t\t\t\t\t\t<div class=\"elementor-image\">\n\t\t\t\t\t\t\t\t\t\t\t\t\t<a href=\"\/fashion\/accessoires\/fink\/\">\n\t\t\t\t\t\t\t<img decoding=\"async\" width=\"430\" height=\"317\" src=\"https:\/\/juwelieramschloss.de\/fashion\/wp-content\/uploads\/sites\/5\/2024\/04\/fink-vorschau-2024.jpg\" class=\"attachment-full size-full wp-image-18698\" alt=\"\" loading=\"lazy\" srcset=\"https:\/\/juwelieramschloss.de\/fashion\/wp-content\/uploads\/sites\/5\/2024\/04\/fink-vorschau-2024.jpg 430w, https:\/\/juwelieramschloss.de\/fashion\/wp-content\/uploads\/sites\/5\/2024\/04\/fink-vorschau-2024-300x221.jpg 300w, https:\/\/juwelieramschloss.de\/fashion\/wp-content\/uploads\/sites\/5\/2024\/04\/fink-vorschau-2024-109x80.jpg 109w, https:\/\/juwelieramschloss.de\/fashion\/wp-content\/uploads\/sites\/5\/2024\/04\/fink-vorschau-2024-301x222.jpg 301w\" sizes=\"(max-width: 430px) 100vw, 430px\" \/>\t\t\t\t\t\t\t\t<\/a>\n\t\t\t\t\t\t\t\t\t\t\t\t\t\t<\/div>\n\t\t\t\t\t\t<\/div>\n\t\t\t\t<\/div>\n\t\t\t\t\t\t<\/div>\n\t\t\t\t\t<\/div>\n\t\t<\/div>\n\t\t\t\t\t\t\t\t<\/div>\n\t\t\t\t\t<\/div>\n\t\t<\/section>\n\t\t\t\t<section class=\"has_ae_slider elementor-section elementor-top-section elementor-element elementor-element-ed39e62 elementor-section-stretched elementor-section-full_width elementor-section-content-middle elementor-hidden-phone elementor-section-height-default elementor-section-height-default ae-bg-gallery-type-default\" data-id=\"ed39e62\" data-element_type=\"section\" data-settings=\"{&quot;stretch_section&quot;:&quot;section-stretched&quot;}\">\n\t\t\t\t\t\t<div class=\"elementor-container elementor-column-gap-default\">\n\t\t\t\t\t\t\t<div class=\"elementor-row\">\n\t\t\t\t\t<div class=\"has_ae_slider elementor-column elementor-col-33 elementor-top-column elementor-element elementor-element-7661db3 ae-bg-gallery-type-default\" data-id=\"7661db3\" data-element_type=\"column\" data-settings=\"{&quot;background_background&quot;:&quot;classic&quot;}\">\n\t\t\t<div class=\"elementor-column-wrap elementor-element-populated\">\n\t\t\t\t\t<div class=\"elementor-background-overlay\"><\/div>\n\t\t\t\t\t\t\t<div class=\"elementor-widget-wrap\">\n\t\t\t\t\t\t<div class=\"elementor-element elementor-element-80d5cea elementor-widget elementor-widget-spacer\" data-id=\"80d5cea\" data-element_type=\"widget\" data-widget_type=\"spacer.default\">\n\t\t\t\t<div class=\"elementor-widget-container\">\n\t\t\t\t\t<div class=\"elementor-spacer\">\n\t\t\t<div class=\"elementor-spacer-inner\"><\/div>\n\t\t<\/div>\n\t\t\t\t<\/div>\n\t\t\t\t<\/div>\n\t\t\t\t\t\t<\/div>\n\t\t\t\t\t<\/div>\n\t\t<\/div>\n\t\t\t\t<div class=\"has_ae_slider elementor-column elementor-col-33 elementor-top-column elementor-element elementor-element-343ac0f ae-bg-gallery-type-default\" data-id=\"343ac0f\" data-element_type=\"column\" data-settings=\"{&quot;background_background&quot;:&quot;classic&quot;}\">\n\t\t\t<div class=\"elementor-column-wrap elementor-element-populated\">\n\t\t\t\t\t<div class=\"elementor-background-overlay\"><\/div>\n\t\t\t\t\t\t\t<div class=\"elementor-widget-wrap\">\n\t\t\t\t\t\t<div class=\"elementor-element elementor-element-2a3d457 elementor-widget elementor-widget-heading\" data-id=\"2a3d457\" data-element_type=\"widget\" data-widget_type=\"heading.default\">\n\t\t\t\t<div class=\"elementor-widget-container\">\n\t\t\t<h3 class=\"elementor-heading-title elementor-size-default\">\u00dcber Uns<\/h3>\t\t<\/div>\n\t\t\t\t<\/div>\n\t\t\t\t<div class=\"elementor-element elementor-element-7075cc6 elementor-widget elementor-widget-heading\" data-id=\"7075cc6\" data-element_type=\"widget\" data-widget_type=\"heading.default\">\n\t\t\t\t<div class=\"elementor-widget-container\">\n\t\t\t<h3 class=\"elementor-heading-title elementor-size-default\">Fashion liegt im Trend<\/h3>\t\t<\/div>\n\t\t\t\t<\/div>\n\t\t\t\t<div class=\"elementor-element elementor-element-e917256 elementor-align-center elementor-widget elementor-widget-button\" data-id=\"e917256\" data-element_type=\"widget\" data-widget_type=\"button.default\">\n\t\t\t\t<div class=\"elementor-widget-container\">\n\t\t\t\t\t<div class=\"elementor-button-wrapper\">\n\t\t\t<a class=\"elementor-button elementor-button-link elementor-size-sm\" href=\"\/fashion\/juwelier-am-schloss\/ueber-uns\/\">\n\t\t\t\t\t\t<span class=\"elementor-button-content-wrapper\">\n\t\t\t\t\t\t<span class=\"elementor-button-text\">Jetzt entdecken<\/span>\n\t\t<\/span>\n\t\t\t\t\t<\/a>\n\t\t<\/div>\n\t\t\t\t<\/div>\n\t\t\t\t<\/div>\n\t\t\t\t\t\t<\/div>\n\t\t\t\t\t<\/div>\n\t\t<\/div>\n\t\t\t\t<div class=\"has_ae_slider elementor-column elementor-col-33 elementor-top-column elementor-element elementor-element-2d74779 ae-bg-gallery-type-default\" data-id=\"2d74779\" data-element_type=\"column\" data-settings=\"{&quot;background_background&quot;:&quot;classic&quot;}\">\n\t\t\t<div class=\"elementor-column-wrap elementor-element-populated\">\n\t\t\t\t\t<div class=\"elementor-background-overlay\"><\/div>\n\t\t\t\t\t\t\t<div class=\"elementor-widget-wrap\">\n\t\t\t\t\t\t<div class=\"elementor-element elementor-element-0ce7531 elementor-widget elementor-widget-spacer\" data-id=\"0ce7531\" data-element_type=\"widget\" data-widget_type=\"spacer.default\">\n\t\t\t\t<div class=\"elementor-widget-container\">\n\t\t\t\t\t<div class=\"elementor-spacer\">\n\t\t\t<div class=\"elementor-spacer-inner\"><\/div>\n\t\t<\/div>\n\t\t\t\t<\/div>\n\t\t\t\t<\/div>\n\t\t\t\t\t\t<\/div>\n\t\t\t\t\t<\/div>\n\t\t<\/div>\n\t\t\t\t\t\t\t\t<\/div>\n\t\t\t\t\t<\/div>\n\t\t<\/section>\n\t\t\t\t<section class=\"has_ae_slider elementor-section elementor-top-section elementor-element elementor-element-6d3a4a1 elementor-section-stretched elementor-section-full_width elementor-section-content-middle elementor-hidden-desktop elementor-hidden-tablet elementor-section-height-default elementor-section-height-default ae-bg-gallery-type-default\" data-id=\"6d3a4a1\" data-element_type=\"section\" data-settings=\"{&quot;stretch_section&quot;:&quot;section-stretched&quot;}\">\n\t\t\t\t\t\t<div class=\"elementor-container elementor-column-gap-default\">\n\t\t\t\t\t\t\t<div class=\"elementor-row\">\n\t\t\t\t\t<div class=\"has_ae_slider elementor-column elementor-col-100 elementor-top-column elementor-element elementor-element-8d440e0 ae-bg-gallery-type-default\" data-id=\"8d440e0\" data-element_type=\"column\" data-settings=\"{&quot;background_background&quot;:&quot;classic&quot;}\">\n\t\t\t<div class=\"elementor-column-wrap elementor-element-populated\">\n\t\t\t\t\t<div class=\"elementor-background-overlay\"><\/div>\n\t\t\t\t\t\t\t<div class=\"elementor-widget-wrap\">\n\t\t\t\t\t\t<div class=\"elementor-element elementor-element-1101d30 elementor-widget elementor-widget-heading\" data-id=\"1101d30\" data-element_type=\"widget\" data-widget_type=\"heading.default\">\n\t\t\t\t<div class=\"elementor-widget-container\">\n\t\t\t<h3 class=\"elementor-heading-title elementor-size-default\">\u00dcber Uns<\/h3>\t\t<\/div>\n\t\t\t\t<\/div>\n\t\t\t\t<div class=\"elementor-element elementor-element-6330eba elementor-widget elementor-widget-heading\" data-id=\"6330eba\" data-element_type=\"widget\" data-widget_type=\"heading.default\">\n\t\t\t\t<div class=\"elementor-widget-container\">\n\t\t\t<h3 class=\"elementor-heading-title elementor-size-default\">Fashion liegt im Trend<\/h3>\t\t<\/div>\n\t\t\t\t<\/div>\n\t\t\t\t<div class=\"elementor-element elementor-element-efe297e elementor-align-center elementor-widget elementor-widget-button\" data-id=\"efe297e\" data-element_type=\"widget\" data-widget_type=\"button.default\">\n\t\t\t\t<div class=\"elementor-widget-container\">\n\t\t\t\t\t<div class=\"elementor-button-wrapper\">\n\t\t\t<a class=\"elementor-button elementor-button-link elementor-size-sm\" href=\"\/fashion\/juwelier-am-schloss\/ueber-uns\/\">\n\t\t\t\t\t\t<span class=\"elementor-button-content-wrapper\">\n\t\t\t\t\t\t<span class=\"elementor-button-text\">Jetzt entdecken<\/span>\n\t\t<\/span>\n\t\t\t\t\t<\/a>\n\t\t<\/div>\n\t\t\t\t<\/div>\n\t\t\t\t<\/div>\n\t\t\t\t\t\t<\/div>\n\t\t\t\t\t<\/div>\n\t\t<\/div>\n\t\t\t\t\t\t\t\t<\/div>\n\t\t\t\t\t<\/div>\n\t\t<\/section>\n\t\t\t\t\t\t\t\t\t<\/div>\n\t\t\t<\/div>\n\t\t\t\t\t<\/div>\n\t\t","protected":false},"excerpt":{"rendered":"<p>Entdecken Sie hochwertige Accessoires bei Juwelier am Schloss Fashion in Schwetzingen Neben exklusiven Uhren- und Schmuckmarken pr\u00e4sentieren wir Ihnen in unserem Gesch\u00e4ft in Schwetzingen einzigartige Ledertaschen und hochwertige Wohnaccessoires, die Ihr Zuhause zur Wohlf\u00fchloase werden lassen. Schauen Sie vorbei und entdecken Sie modernes, langlebiges Design bei Ihrem Juwelier am Schloss. \u00dcber Uns Fashion liegt im &hellip;<\/p>\n<p class=\"read-more\"> <a class=\"\" href=\"https:\/\/juwelieramschloss.de\/fashion\/accessoires\/\"> <span class=\"screen-reader-text\">Accessoires<\/span> Weiterlesen &raquo;<\/a><\/p>\n","protected":false},"author":7,"featured_media":0,"parent":0,"menu_order":0,"comment_status":"closed","ping_status":"closed","template":"","meta":{"site-sidebar-layout":"no-sidebar","site-content-layout":"page-builder","ast-global-header-display":"","ast-banner-title-visibility":"","ast-main-header-display":"","ast-hfb-above-header-display":"","ast-hfb-below-header-display":"","ast-hfb-mobile-header-display":"","site-post-title":"disabled","ast-breadcrumbs-content":"","ast-featured-img":"disabled","footer-sml-layout":"","theme-transparent-header-meta":"","adv-header-id-meta":"","stick-header-meta":"","header-above-stick-meta":"","header-main-stick-meta":"","header-below-stick-meta":""},"product_cat":[],"acf":[],"yoast_head":"<!-- This site is optimized with the Yoast SEO plugin v20.9 - https:\/\/yoast.com\/wordpress\/plugins\/seo\/ -->\n<title>Accessoires - Juwelier Am Schloss Fashion<\/title>\n<meta name=\"robots\" content=\"index, follow, max-snippet:-1, max-image-preview:large, max-video-preview:-1\" \/>\n<link rel=\"canonical\" href=\"https:\/\/juwelieramschloss.de\/fashion\/accessoires\/\" \/>\n<meta property=\"og:locale\" content=\"de_DE\" \/>\n<meta property=\"og:type\" content=\"article\" \/>\n<meta property=\"og:title\" content=\"Accessoires - Juwelier Am Schloss Fashion\" \/>\n<meta property=\"og:description\" content=\"Entdecken Sie hochwertige Accessoires bei Juwelier am Schloss Fashion in Schwetzingen Neben exklusiven Uhren- und Schmuckmarken pr\u00e4sentieren wir Ihnen in unserem Gesch\u00e4ft in Schwetzingen einzigartige Ledertaschen und hochwertige Wohnaccessoires, die Ihr Zuhause zur Wohlf\u00fchloase werden lassen. Schauen Sie vorbei und entdecken Sie modernes, langlebiges Design bei Ihrem Juwelier am Schloss. \u00dcber Uns Fashion liegt im &hellip; Accessoires Weiterlesen &raquo;\" \/>\n<meta property=\"og:url\" content=\"https:\/\/juwelieramschloss.de\/fashion\/accessoires\/\" \/>\n<meta property=\"og:site_name\" content=\"Juwelier Am Schloss Fashion\" \/>\n<meta property=\"article:modified_time\" content=\"2024-04-02T10:25:33+00:00\" \/>\n<meta property=\"og:image\" content=\"https:\/\/juwelieramschloss.de\/fashion\/wp-content\/uploads\/sites\/5\/2024\/04\/lambert-vorschau-2024.jpg\" \/>\n<meta name=\"twitter:card\" content=\"summary_large_image\" \/>\n<meta name=\"twitter:label1\" content=\"Gesch\u00e4tzte Lesezeit\" \/>\n\t<meta name=\"twitter:data1\" content=\"1\u00a0Minute\" \/>\n<script type=\"application\/ld+json\" class=\"yoast-schema-graph\">{\"@context\":\"https:\/\/schema.org\",\"@graph\":[{\"@type\":\"WebPage\",\"@id\":\"https:\/\/juwelieramschloss.de\/fashion\/accessoires\/\",\"url\":\"https:\/\/juwelieramschloss.de\/fashion\/accessoires\/\",\"name\":\"Accessoires - Juwelier Am Schloss Fashion\",\"isPartOf\":{\"@id\":\"https:\/\/juwelieramschloss.de\/fashion\/#website\"},\"datePublished\":\"2022-05-10T08:28:38+00:00\",\"dateModified\":\"2024-04-02T10:25:33+00:00\",\"breadcrumb\":{\"@id\":\"https:\/\/juwelieramschloss.de\/fashion\/accessoires\/#breadcrumb\"},\"inLanguage\":\"de\",\"potentialAction\":[{\"@type\":\"ReadAction\",\"target\":[\"https:\/\/juwelieramschloss.de\/fashion\/accessoires\/\"]}]},{\"@type\":\"BreadcrumbList\",\"@id\":\"https:\/\/juwelieramschloss.de\/fashion\/accessoires\/#breadcrumb\",\"itemListElement\":[{\"@type\":\"ListItem\",\"position\":1,\"name\":\"Startseite\",\"item\":\"https:\/\/juwelieramschloss.de\/fashion\/\"},{\"@type\":\"ListItem\",\"position\":2,\"name\":\"Accessoires\"}]},{\"@type\":\"WebSite\",\"@id\":\"https:\/\/juwelieramschloss.de\/fashion\/#website\",\"url\":\"https:\/\/juwelieramschloss.de\/fashion\/\",\"name\":\"Juwelier Am Schloss Fashion\",\"description\":\"\",\"publisher\":{\"@id\":\"https:\/\/juwelieramschloss.de\/fashion\/#organization\"},\"potentialAction\":[{\"@type\":\"SearchAction\",\"target\":{\"@type\":\"EntryPoint\",\"urlTemplate\":\"https:\/\/juwelieramschloss.de\/fashion\/?s={search_term_string}\"},\"query-input\":\"required name=search_term_string\"}],\"inLanguage\":\"de\"},{\"@type\":\"Organization\",\"@id\":\"https:\/\/juwelieramschloss.de\/fashion\/#organization\",\"name\":\"Juwelier Am Schloss Fashion\",\"url\":\"https:\/\/juwelieramschloss.de\/fashion\/\",\"logo\":{\"@type\":\"ImageObject\",\"inLanguage\":\"de\",\"@id\":\"https:\/\/juwelieramschloss.de\/fashion\/#\/schema\/logo\/image\/\",\"url\":\"https:\/\/juwelieramschloss.de\/fashion\/wp-content\/uploads\/sites\/5\/2018\/09\/cropped-Am-Schloss-Fashion-Logo-1.png\",\"contentUrl\":\"https:\/\/juwelieramschloss.de\/fashion\/wp-content\/uploads\/sites\/5\/2018\/09\/cropped-Am-Schloss-Fashion-Logo-1.png\",\"width\":487,\"height\":133,\"caption\":\"Juwelier Am Schloss Fashion\"},\"image\":{\"@id\":\"https:\/\/juwelieramschloss.de\/fashion\/#\/schema\/logo\/image\/\"}}]}<\/script>\n<!-- \/ Yoast SEO plugin. -->","yoast_head_json":{"title":"Accessoires - Juwelier Am Schloss Fashion","robots":{"index":"index","follow":"follow","max-snippet":"max-snippet:-1","max-image-preview":"max-image-preview:large","max-video-preview":"max-video-preview:-1"},"canonical":"https:\/\/juwelieramschloss.de\/fashion\/accessoires\/","og_locale":"de_DE","og_type":"article","og_title":"Accessoires - Juwelier Am Schloss Fashion","og_description":"Entdecken Sie hochwertige Accessoires bei Juwelier am Schloss Fashion in Schwetzingen Neben exklusiven Uhren- und Schmuckmarken pr\u00e4sentieren wir Ihnen in unserem Gesch\u00e4ft in Schwetzingen einzigartige Ledertaschen und hochwertige Wohnaccessoires, die Ihr Zuhause zur Wohlf\u00fchloase werden lassen. Schauen Sie vorbei und entdecken Sie modernes, langlebiges Design bei Ihrem Juwelier am Schloss. \u00dcber Uns Fashion liegt im &hellip; Accessoires Weiterlesen &raquo;","og_url":"https:\/\/juwelieramschloss.de\/fashion\/accessoires\/","og_site_name":"Juwelier Am Schloss Fashion","article_modified_time":"2024-04-02T10:25:33+00:00","og_image":[{"url":"https:\/\/juwelieramschloss.de\/fashion\/wp-content\/uploads\/sites\/5\/2024\/04\/lambert-vorschau-2024.jpg"}],"twitter_card":"summary_large_image","twitter_misc":{"Gesch\u00e4tzte Lesezeit":"1\u00a0Minute"},"schema":{"@context":"https:\/\/schema.org","@graph":[{"@type":"WebPage","@id":"https:\/\/juwelieramschloss.de\/fashion\/accessoires\/","url":"https:\/\/juwelieramschloss.de\/fashion\/accessoires\/","name":"Accessoires - Juwelier Am Schloss Fashion","isPartOf":{"@id":"https:\/\/juwelieramschloss.de\/fashion\/#website"},"datePublished":"2022-05-10T08:28:38+00:00","dateModified":"2024-04-02T10:25:33+00:00","breadcrumb":{"@id":"https:\/\/juwelieramschloss.de\/fashion\/accessoires\/#breadcrumb"},"inLanguage":"de","potentialAction":[{"@type":"ReadAction","target":["https:\/\/juwelieramschloss.de\/fashion\/accessoires\/"]}]},{"@type":"BreadcrumbList","@id":"https:\/\/juwelieramschloss.de\/fashion\/accessoires\/#breadcrumb","itemListElement":[{"@type":"ListItem","position":1,"name":"Startseite","item":"https:\/\/juwelieramschloss.de\/fashion\/"},{"@type":"ListItem","position":2,"name":"Accessoires"}]},{"@type":"WebSite","@id":"https:\/\/juwelieramschloss.de\/fashion\/#website","url":"https:\/\/juwelieramschloss.de\/fashion\/","name":"Juwelier Am Schloss Fashion","description":"","publisher":{"@id":"https:\/\/juwelieramschloss.de\/fashion\/#organization"},"potentialAction":[{"@type":"SearchAction","target":{"@type":"EntryPoint","urlTemplate":"https:\/\/juwelieramschloss.de\/fashion\/?s={search_term_string}"},"query-input":"required name=search_term_string"}],"inLanguage":"de"},{"@type":"Organization","@id":"https:\/\/juwelieramschloss.de\/fashion\/#organization","name":"Juwelier Am Schloss Fashion","url":"https:\/\/juwelieramschloss.de\/fashion\/","logo":{"@type":"ImageObject","inLanguage":"de","@id":"https:\/\/juwelieramschloss.de\/fashion\/#\/schema\/logo\/image\/","url":"https:\/\/juwelieramschloss.de\/fashion\/wp-content\/uploads\/sites\/5\/2018\/09\/cropped-Am-Schloss-Fashion-Logo-1.png","contentUrl":"https:\/\/juwelieramschloss.de\/fashion\/wp-content\/uploads\/sites\/5\/2018\/09\/cropped-Am-Schloss-Fashion-Logo-1.png","width":487,"height":133,"caption":"Juwelier Am Schloss Fashion"},"image":{"@id":"https:\/\/juwelieramschloss.de\/fashion\/#\/schema\/logo\/image\/"}}]}},"_links":{"self":[{"href":"https:\/\/juwelieramschloss.de\/fashion\/wp-json\/wp\/v2\/pages\/11536"}],"collection":[{"href":"https:\/\/juwelieramschloss.de\/fashion\/wp-json\/wp\/v2\/pages"}],"about":[{"href":"https:\/\/juwelieramschloss.de\/fashion\/wp-json\/wp\/v2\/types\/page"}],"author":[{"embeddable":true,"href":"https:\/\/juwelieramschloss.de\/fashion\/wp-json\/wp\/v2\/users\/7"}],"replies":[{"embeddable":true,"href":"https:\/\/juwelieramschloss.de\/fashion\/wp-json\/wp\/v2\/comments?post=11536"}],"version-history":[{"count":10,"href":"https:\/\/juwelieramschloss.de\/fashion\/wp-json\/wp\/v2\/pages\/11536\/revisions"}],"predecessor-version":[{"id":18703,"href":"https:\/\/juwelieramschloss.de\/fashion\/wp-json\/wp\/v2\/pages\/11536\/revisions\/18703"}],"wp:attachment":[{"href":"https:\/\/juwelieramschloss.de\/fashion\/wp-json\/wp\/v2\/media?parent=11536"}],"wp:term":[{"taxonomy":"product_cat","embeddable":true,"href":"https:\/\/juwelieramschloss.de\/fashion\/wp-json\/wp\/v2\/product_cat?post=11536"}],"curies":[{"name":"wp","href":"https:\/\/api.w.org\/{rel}","templated":true}]}}